reatest common factor of 292 and 75555.
73
What is the greatest common divisor of 1165008 and 78?
78
What is the greatest common divisor of 1800543 and 103?
103
What is the greatest common divisor of 800 and 59400?
200
What is the greatest common divisor of 22932 and 4116?
588
What is the highest common factor of 1267001 and 62?
31
What is the greatest common factor of 991200 and 16107?
1239
What is the greatest common divisor of 5457 and 3621?
51
Calculate the highest common factor of 20114 and 1808.
226
Calculate the highest common divisor of 36540 and 51786.
126
What is the highest common divisor of 24 and 3535944?
24
Calculate the highest common factor of 12810 and 14154.
42
What is the highest common divisor of 38829 and 14?
7
What is the highest common factor of 8507 and 235?
47
Calculate the greatest common factor of 306 and 162.
18
What is the highest common factor of 76 and 965542?
38
Calculate the greatest common divisor of 1431056 and 346.
346
Calculate the greatest common factor of 29700 and 18.
18
What is the greatest common divisor of 7158195 and 495?
495
Calculate the highest common divisor of 223 and 68907.
223
What is the highest common factor of 7256 and 136?
8
Calculate the greatest common factor of 2261 and 15485.
19
Calculate the greatest common factor of 25599 and 3.
3
Calculate the greatest common divisor of 115136 and 448.
448
What is the highest common factor of 325 and 2665?
65
What is the greatest common factor of 4 and 53940?
4
What is the greatest common divisor of 33 and 25377?
33
What is the highest common divisor of 5192 and 748?
44
What is the greatest common factor of 120 and 77560?
40
Calculate the greatest common factor of 3026772 and 18.
18
Calculate the highest common divisor of 2944 and 1058.
46
What is the highest common divisor of 175 and 88095?
35
What is the highest common divisor of 8272 and 318284?
188
What is the greatest common divisor of 742 and 20062?
14
Calculate the highest common factor of 7066159 and 751.
751
Calculate the highest common divisor of 280966 and 5551.
427
Calculate the greatest common factor of 65394 and 378.
378
What is the highest common divisor of 242930 and 170?
170
What is the greatest common factor of 204129 and 4662?
333
Calculate the greatest common divisor of 91 and 10504.
13
Calculate the highest common divisor of 15 and 8416545.
15
Calculate the greatest common divisor of 3775 and 5.
5
What is the greatest common divisor of 256 and 5081984?
128
Calculate the greatest common factor of 36 and 605484.
36
What is the highest common factor of 140350 and 28?
14
What is the highest common factor of 7221 and 2697?
87
Calculate the highest common divisor of 49 and 107947.
49
Calculate the greatest common divisor of 1336686 and 26.
26
What is the greatest common factor of 24186 and 12006?
174
Calculate the greatest common divisor of 117 and 9618375.
39
What is the highest common factor of 1186552 and 568?
568
Calculate the greatest common divisor of 315 and 51170.
35
What is the highest common divisor of 9432 and 360?
72
What is the greatest common divisor of 178392 and 384?
24
What is the greatest common factor of 1494 and 120?
6
Calculate the greatest common factor of 25 and 352185.
5
Calculate the highest common factor of 1517 and 843452.
1517
Calculate the greatest common divisor of 56 and 846776.
56
Calculate the greatest common factor of 472 and 29972.
236
What is the greatest common factor of 448794 and 54?
54
Calculate the highest common factor of 3379 and 15376.
31
Calculate the highest common factor of 300 and 144525.
75
What is the greatest common factor of 72 and 15993?
9
What is the highest common divisor of 154 and 9086?
154
Calculate the greatest common divisor of 16652 and 4692.
92
What is the greatest common factor of 50563 and 177?
59
What is the highest common factor of 5727 and 966?
69
What is the greatest common divisor of 11 and 7358?
1
What is the highest common divisor of 151620 and 15?
15
Calculate the greatest common divisor of 890626 and 44.
22
Calculate the greatest common divisor of 180 and 8415.
45
What is the highest common divisor of 873146 and 124?
62
Calculate the highest common factor of 20 and 66245.
5
What is the highest common divisor of 3224 and 4154?
62
Calculate the highest common factor of 499149 and 4032.
63
What is the highest common divisor of 9845 and 605?
55
What is the highest common factor of 1332161 and 268?
67
Calculate the greatest common divisor of 676170 and 10.
10
What is the greatest common factor of 327085 and 1045?
1045
What is the highest common divisor of 1260 and 987?
21
Calculate the highest common factor of 8866 and 711282.
286
What is the greatest common divisor of 1105 and 45253?
13
What is the greatest common factor of 1284 and 4830?
6
Calculate the highest common divisor of 570910 and 370.
370
Calculate the highest common factor of 99 and 215886.
33
What is the greatest common factor of 639249 and 443?
443
Calculate the highest common factor of 661500 and 1176.
588
What is the greatest common factor of 26422 and 3124?
22
What is the greatest common factor of 2901 and 6717749?
967
Calculate the greatest common factor of 36205 and 195.
65
What is the greatest common factor of 70 and 3670?
10
Calculate the highest common divisor of 13374300 and 436.
436
What is the highest common factor of 5346 and 85338?
198
Calculate the greatest common factor of 285 and 11355.
15
Calculate the highest common factor of 638 and 10730.
58
Calculate the greatest common divisor of 2799750 and 48.
6
What is the greatest common divisor of 384 and 21084?
12
Calculate the highest common factor of 328 and 2936.
8
Calculate the greatest common factor of 495 and 22517.
11
Calculate the greatest common factor of 167132 and 9541.
329
What is the greatest common divisor of 1033520 and 320?
80
Calculate the greatest common factor of 1634 and 73143.
43
What is the highest common factor of 4313 and 3859?
227
Calculate the greatest common factor of 2936 and 1012553.
367
Calculate the highest common divisor of 883 and 7.
1
Calculate the greatest common divisor of 222030 and 360.
90
What is the greatest common divisor of 462714 and 276?
138
What is the greatest common divisor of 651348 and 296?
148
What is the highest common factor of 575 and 8650?
25
What is the greatest common factor of 73 and 418071?
73
What is the highest common factor of 152 and 16112?
152
What is the greatest common factor of 2 and 1198?
2
What is the highest common divisor of 5562 and 189?
27
What is the greatest common factor of 484883 and 452?
113
What is the greatest common factor of 245 and 4325?
5
Calculate the highest common divisor of 413094 and 5808.
726
Calculate the highest common factor of 215 and 31261.
43
Calculate the highest common divisor of 13777 and 736.
23
Calculate the highest common divisor of 90 and 480015.
45
Calculate the highest common factor of 1743 and 47103.
21
Calculate the highest common factor of 989 and 20683.
43
What is the greatest common factor of 2673 and 14245?
11
What is the greatest common factor of 412068 and 1380?
276
Calculate the greatest common divisor of 5170 and 25615.
235
What is the highest common divisor of 26265 and 6077?
103
Calculate the greatest common divisor of 3581 and 647.
1
What is the greatest common divisor of 6404 and 152?
4
Calculate the highest common factor of 559 and 172903.
43
Calculate the highest common divisor of 290 and 40250.
10
Calculate the highest common factor of 126 and 24374.
14
Calculate the greatest common divisor of 340569 and 2133.
711
What is the highest common factor of 504 and 59736?
24
Calculate the greatest common factor of 12199 and 198511.
1109
Calculate the highest common divisor of 1984 and 656.
16
What is the highest common divisor of 3799 and 638?
29
Calculate the highest common divisor of 1932 and 1176.
84
Calculate the highest common divisor of 1221 and 12543.
111
What is the highest common divisor of 18 and 58662?
18
What is the highest common divisor of 5346 and 49104?
198
What is the highest common divisor of 34868 and 644?
92
What is the highest common factor of 33 and 75317?
11
Calculate the highest common factor of 16611 and 441.
147
Calculate the highest common factor of